 20597 = -6*i + 2*p. Is i a composite number?
True
Suppose -23*d = -21*d - 2174. Is d prime?
True
Let p = -720 - -1466. Let w = -297 + p. Is w a composite number?
False
Suppose 11*o - 38*o + 406917 = 0. Is o prime?
False
Let h(m) be the second derivative of 641*m**4/12 + m**3/3 + m**2 - 24*m. Is h(-1) composite?
False
Is (12058 + -6 + 9)/1 composite?
True
Let x be (-1)/6 - (-1930)/60. Let h = x - 31. Is (-89)/((-1 - h)/2) a composite number?
False
Suppose -24 + 8 = -2*p. Let t(m) = 12*m**2 - 4*m + 15. Is t(p) prime?
True
Let l(y) = -14*y - 19. Let k(q) = -3*q - 22. Let t be k(-6). Is l(t) a composite number?
False
Let v be (20/8 - 2)*18. Let q be 34/v - (-10)/45. Is (-222)/q*2*-1 composite?
True
Let s = -3090 + -3728. Let r = s + 11083. Is r composite?
True
Is (-73266)/(-26) - (-7)/91 a composite number?
True
Suppose 4*f + 2*z - 131483 - 43937 = 0, -f + 43865 = 3*z. Is f composite?
False
Let a = 0 + -4. Let p be -2 - a - 28/4. Let b = 18 - p. Is b prime?
True
Is 25/(-75) - 9044/(-6) composite?
True
Let u = 177 - -261. Let j = 708 + -1019. Let l = j + u. Is l composite?
False
Let w(k) = -k**3 - 14*k**2 - 19. Let z be w(-15). Let x = -79 + z. Is x a composite number?
False
Suppose 26*b = -22*b + 1392288. Is b composite?
True
Suppose 5*n = 5, -2*u - 134 = 2*n - 6*n. Let t = u - -162. Is t composite?
False
Let u = 0 - -11. Suppose 0 = f - 3*r - 28, 4*f - 5*r = u + 108. Is f prime?
True
Suppose -37 = -10*f + 3. Suppose f*t + 2*w - 9696 = -3*w, 2*t - 4854 = -4*w. Is t composite?
True
Let c(r) = -r**2 - r + 1. Let b(o) = o. Let s(h) = -6*b(h) - c(h). Let d be s(8). Let w = d + -12. Is w prime?
True
Let f be -1 + (-338)/(2/(-2)). Suppose -840 = 4*u + j, 0*j - 210 = u + 3*j. Let v = f + u. Is v a prime number?
True
Let i(n) = -58*n**2 + 5 + 359*n**2 - 2*n + 11*n**2. Is i(-3) a composite number?
False
Suppose -2*i + 0*i + 8 = 0. Suppose 4*n - 1154 = -5*v, 2*v = -0*v - i*n + 464. Suppose 3*c + 2*c - v = 0. Is c a prime number?
False
Let c be 84/35*30/8. Is 1878 + (4 - ((1 - 2) + c)) composite?
True
Let v(r) = r**2 - 9*r - 5. Suppose 4 = 3*g - 26. Let f be v(g). Suppose c = -w - 2*w + 196, -3*w = f*c - 992. Is c a prime number?
True
Let f be 4/10 + (-2372)/(-20). Let i = f + 7. Suppose -2*j + 28 = -i. Is j composite?
True
Suppose 2*u - u - 5 = 0. Suppose s + 3 = u. Suppose -s*n = 44 - 366. Is n composite?
True
Let o be -2*(-2)/(-12)*-519. Let m = o + 728. Is m composite?
True
Let t(c) = -c**3 + 10*c**2 - 15*c + 14. Let w be t(6). Suppose 0*p - 3*x + w = 2*p, -2*p + 5*x = -52. Is p prime?
True
Suppose 0*m - 5*m + 785 = 0. Suppose 4*i = 3*x - m, -7 = -4*i + 1. Is x prime?
False
Is ((-78)/195)/((-4)/512570) composite?
False
Let s(q) = q**3 + 22*q**2 + 15*q + 17. Let g be s(-19). Suppose d - 6 + 0 = 0. Suppose -d*j + g = -j. Is j prime?
True
Let w(t) be the third derivative of t**5/30 + t**4/24 - 7*t**2. Let u be w(1). Let q(z) = 6*z**3 - 2*z**2 - 6*z + 1. Is q(u) a prime number?
True
Let x be (-1 - 0)*1*(-4)/1. Suppose x*c - 3006 = -q, -4*c + 3759 = -q + 757. Is c a prime number?
True
Let w = -3442 - -5069. Let t(k) = k + 1. Let s be t(2). Suppose 5*x = 4*y - 0*x - w, 428 = y + s*x. Is y composite?
True
Suppose 22 + 28 = 5*q. Is q/10 - (-247 + 1) composite?
True
Let s(p) = 36*p - 5. Let x be 8/(-10) - 236/(-20). Suppose -4*l = 4*k + l + 1, -l - x = -k. Is s(k) a prime number?
True
Let s = 3904 - -725. Is s composite?
True
Let o(x) = 2*x**2 - 4*x + 2. Let u be o(2). Suppose 9*h - 824 - 328 = 0. Suppose -5*s = -3*i - 430, s + u*i - h + 29 = 0. Is s prime?
True
Let s(z) = 669*z + 151. Is s(10) a prime number?
True
Let q = 24 - 50. Let v = -126 - q. Is -6 + 2 - (-1 + v) a composite number?
False
Suppose 0 = -3*g - 0*g. Let q be (g + 4/(-12))*-12. Suppose q + 9 = c. Is c prime?
True
Suppose -v + 86570 = 16011. Is v prime?
False
Suppose 32 + 20 = 4*r. Let x be 20/3 + 10*18/135. Suppose r*j = x*j + 935. Is j prime?
False
Let f = 32622 - 19553. Is f a composite number?
True
Suppose 4*z + 5*y = 9 + 20, 0 = -2*z - y + 13. Suppose 2*q - 4*x = 2 - z, x = -q + 7. Suppose w = -2*o - 0*w + 329, -q*w - 354 = -2*o. Is o a composite number?
False
Suppose 257*h = 272*h - 658335. Is h prime?
True
Let q = 211 - 41. Let u = q - 4. Is u a composite number?
True
Let b be (-6)/4*(-3)/(-9)*-8. Suppose 5*g + 52 = -0*n + 3*n, g = -2*n + 13. Is (191/b)/(n/36) composite?
False
Let d = -3 + 5. Is 550 + (-2)/(-4)*d a composite number?
True
Let o be ((-474)/8)/(6/24). Let p = o - -1622. Is p a prime number?
False
Suppose -h + 4 = -0*h. Suppose i + 379 = 4*g, -2*g + h*i + 0*i + 186 = 0. Is g a prime number?
False
Let l(n) = 104*n + 7. Suppose 2 = 10*t - 108. Is l(t) a composite number?
False
Let d(z) = 429*z + 81. Is d(14) prime?
False
Suppose -5*f - 9657 = -4*h, -f + 5*f - 7235 = -3*h. Is h composite?
True
Let f(n) = 1580*n**2 + 53*n + 5. Is f(-6) a prime number?
False
Suppose -7*c = -3*c - 2*o + 5650, 5*c + 7065 = 5*o. Let p = c - -2893. Is p a prime number?
True
Let z = 30 + -26. Suppose -2*h = z*b - 578, 0 = -4*h + 5*h - 5*b - 303. Is h prime?
True
Suppose -3*r + 304 = -4*y, 2*r = -2*r - y + 399. Suppose 0 = 5*x - 4*m - 445, x = 2*m + m + r. Is x prime?
False
Suppose 4*h + 32366 = 6*h. Is h composite?
False
Suppose 0 = 27*g - 26*g - 323. Let o = g + -6. Is o prime?
True
Suppose 3*g - 3705 = -3*h, -311 = -4*g + 5*h + 4665. Suppose 5*o - g = -m, -2*o = -2*m - 10 - 476. Is o prime?
False
Let n(o) = o - 5. Let h be n(8). Let p be 0*(-4 + h)/1. Suppose p = 2*v + 115 - 777. Is v composite?
False
Let w be -11*(4 - 8 - -3). Suppose 12*k - w*k - 5507 = 0. Is k composite?
False
Suppose -4*d + 8*d + 22134 = 2*u, -2*u + 22126 = 4*d. Is u a prime number?
False
Let q = -1317 - -3930. Suppose -3*h + 1956 = -n + 4*n, -n - q = -4*h. Is h composite?
False
Is 1/2*(-15664)/(-8) composite?
True
Let m(a) = -9*a**3 - a**2 + 3*a - 2. Let t be m(-3). Suppose -3*k + 56 = -2*k - q, 3*q + t = 4*k. Is k a prime number?
False
Let s(j) = -j**3 + j**2 - 3*j - 2. Let u be s(0). Is u/2 + -12 + 64 prime?
False
Suppose -463*y + 84344 = -455*y. Is y composite?
True
Let c(k) = -319*k + 51. Is c(-22) composite?
False
Let z(p) = p + 2. Let m be z(-11). Let k(d) = -d - 10. Let n be k(m). Is 351/(-9)*1*n composite?
True
Suppose 16 = -4*w, 3*a + 3*w + 38 = 5*a. Let u = a - 112. Let x = u - -406. Is x a composite number?
False
Let x = 6 - -35. Suppose 2*k + 195 = -x. Is (-6)/8*(k + 2) prime?
False
Let h(m) = -m**3 + 155. Let j be h(0). Suppose -2*b + 4*r + 2 = -2, 0 = -4*b + 4*r + 16. Suppose z = b*z - j. Is z composite?
False
Let u = 51 - -67. Let g be -8*(-4 + 2 + 0). Suppose u = 3*s + g. Is s composite?
True
Let a be (2 - -1) + -4 + 3. Suppose 5*s + a*z - 22 = 8, -4*s + 3*z + 1 = 0. Suppose 4*r - 104 = -s*c, 5*r - r = -3*c + 100. Is r a composite number?
True
Suppose -4*i + 0*i + 54048 = 4*d, 3*i + 13516 = d. Is d a prime number?
True
Let i(t) = -83*t + 10. Let y be i(-6). Suppose 0*r - y = -4*r. Is r prime?
True
Let a = 7 + -4. Suppose 0 = -i + a + 2. Suppose -2*l + 1149 = l - 4*p, 3*l - 1122 = -i*p. Is l a composite number?
False
Let y(g) = 42*g**3 + 10*g**2 - 9*g - 58. Is y(9) a composite number?
True
Let x(z) = -25*z - 2. Let r be 34/(-7) + -1*3/21. Is x(r) a prime number?
False
Let p(b) = 4*b - 3 + 0*b + 4*b**2 + 5. Let c be p(4). Let u = -49 + c. Is u prime?
False
Let y(i) = 123*i**2 + 5*i - 11. Is y(8) composite?
False
Let u be 36/10*5/(-2). Let b = -12 + u. Is (10871/b)/((-1)/3) prime?
True
Suppose 2*q = 56 + 72. Suppose 94 = -4*x - y, x + 2*x + 67 = y. Let w = q - x. Is w prime?
False
Suppose -2*z + 4*a = -2633 + 471, 0 = 3*z + 4*a - 3273. Is z composite?
False
Let j be 1/(((-3)/9)/(-1)). Let q be j/((6/(-626))/(-1)). Let p = q - 20. Is p prime?
True
Let h = 125 + -46. Let f = h - 21. Is f a composite number?
True
Let n = -10320 + 6822. Let g = -2311 - n. Is g a composite number?
False
Let a be 1 - 1*(-3)/1. Suppose -8 - 4 = -a*p. Suppose -40 = -p*l + 287. Is l composite?
False
Let q be 132180/(-50) + (-2)/5 - 2. Let p = q + 4183. Is p a composite number?
True
Suppose -4*z = -5310 - 3138. Let j = 3209 - z. Is j a composite number?
False
Let g(i) = -7*i**3 + 2*i**2 - 3*i - 5. Let x(j) = 8*j**3 - 2*j**2 + 3*j + 6. Let p(o) = 7*g(o) + 6*x(o). Suppose 4*w + 16 = -4. Is p(w) prime?
True
Let d(f) = 369*f + 281*f + 3 + 3